{"id":18234,"date":"2020-11-25T11:42:43","date_gmt":"2020-11-25T11:42:43","guid":{"rendered":"https:\/\/www.solucionescontract.com\/producto\/mesa-de-centro-elevable-tema\/"},"modified":"2021-04-16T11:11:37","modified_gmt":"2021-04-16T11:11:37","slug":"table-basse-a-theme-relevable","status":"publish","type":"product","link":"https:\/\/solucionescontract.com\/fr\/producto\/table-basse-a-theme-relevable\/","title":{"rendered":"TABLE BASSE \u00c9LEVABLE TEMA"},"content":{"rendered":"<p>La table basse relevable Tema est une table d&rsquo;appoint, tr\u00e8s fonctionnelle, \u00e0 la fois pour \u00eatre utilis\u00e9e dans tous types de pi\u00e8ces, qu&rsquo;elles soient contractuelles ou \u00e0 la maison.<\/p>\n<p>C&rsquo;est une table avec un placage de bois avec une finition en ch\u00eane noueux ou naturel.<\/p>\n<p>Il existe une grande vari\u00e9t\u00e9 de couleurs et de finitions: H\u00eatre verni | Noyer verni | Ch\u00eane verni | Laqu\u00e9. Autres finitions<a href=\"mailto:info@solucionescontract.com\"><br \/>\nConsulter.<\/a><\/p>\n<p>Ses pieds en m\u00e9tal disponibles en finition blanche, oxyde ou noire se d\u00e9marquent.<\/p>\n<p>Mesures: couvercle relevable 110&#215;60 cm 100x50cm<\/p>\n<p>Option m\u00e9lamine disponible constar <a href=\"mailto:info@solucionescontract.com\"><br \/>\nici<\/a><\/script><\/p>\n","protected":false},"excerpt":{"rendered":"<ul>\n<li style=\"text-align: justify;\">C&rsquo;est une table basse avec un m\u00e9canisme de levage qui convient \u00e0 tous les types de pi\u00e8ces de vie, que ce soit pour les appartements touristiques, les r\u00e9sidences et les maisons rurales, ou pour le salon \u00e0 la maison.<\/li>\n<li style=\"text-align: justify;\">\nAvec plateau en placage de ch\u00eane naturel ou ch\u00eane noueux. Autres finitions<a href=\"mailto:info@solucionescontract.com\"> Consulter.<\/a><\/li>\n<li>\n3 options de finition pour la structure: blanc, oxyde ou noir.<\/li>\n<li>\nFabrication nationale.<\/li>\n<li style=\"text-align: justify;\">\nMesures: 110&#215;60 cm couvercle relevable 100&#215;50 cm.<\/li>\n<li>\nUtilisation en int\u00e9rieur.<\/li>\n<\/ul>\n<p>&nbsp;<\/p>\n<p>&nbsp;<\/p>\n","protected":false},"featured_media":17794,"comment_status":"open","ping_status":"closed","template":"","meta":[],"product_brand":[],"product_cat":[569,571],"product_tag":[655,657],"class_list":{"0":"post-18234","1":"product","2":"type-product","3":"status-publish","4":"has-post-thumbnail","6":"product_cat-conception-de-tables","7":"product_cat-mesa-auxiliar-fr","8":"product_tag-interior-fr","9":"product_tag-meubles-auxiliaires","10":"product_shipping_class-gratuit","11":"yith_product_brand-pemi-fr","13":"first","14":"instock","15":"taxable","16":"shipping-taxable","17":"purchasable","18":"product-type-variable"},"yoast_head":"<!-- This site is optimized with the Yoast SEO plugin v27.4 - https:\/\/yoast.com\/product\/yoast-seo-wordpress\/ -->\n<title>TABLE BASSE \u00c9LEVABLE TEMA - Muebles de dise\u00f1o en Soluciones Contract<\/title>\n<meta name=\"description\" content=\"Achetez TABLE BASSE \u00c9LEVABLE TEMA en ligne dans notre magasin de meubles Contract. Trouvez le meilleur mobilier design.\" \/>\n<meta name=\"robots\" content=\"index, follow, max-snippet:-1, max-image-preview:large, max-video-preview:-1\" \/>\n<link rel=\"canonical\" href=\"https:\/\/solucionescontract.com\/fr\/producto\/table-basse-a-theme-relevable\/\" \/>\n<meta property=\"og:locale\" content=\"fr_FR\" \/>\n<meta property=\"og:type\" content=\"article\" \/>\n<meta property=\"og:title\" content=\"TABLE BASSE \u00c9LEVABLE TEMA - Muebles de dise\u00f1o en Soluciones Contract\" \/>\n<meta property=\"og:description\" content=\"Achetez TABLE BASSE \u00c9LEVABLE TEMA en ligne dans notre magasin de meubles Contract. Trouvez le meilleur mobilier design.\" \/>\n<meta property=\"og:url\" content=\"https:\/\/solucionescontract.com\/fr\/producto\/table-basse-a-theme-relevable\/\" \/>\n<meta property=\"og:site_name\" content=\"Soluciones Contract\" \/>\n<meta property=\"article:publisher\" content=\"https:\/\/www.facebook.com\/solucionescontract\/\" \/>\n<meta property=\"article:modified_time\" content=\"2021-04-16T11:11:37+00:00\" \/>\n<meta property=\"og:image\" content=\"https:\/\/solucionescontract.com\/wp-content\/uploads\/2020\/11\/mesa_auxiliar_tema.jpg\" \/>\n\t<meta property=\"og:image:width\" content=\"2000\" \/>\n\t<meta property=\"og:image:height\" content=\"2000\" \/>\n\t<meta property=\"og:image:type\" content=\"image\/jpeg\" \/>\n<meta name=\"twitter:card\" content=\"summary_large_image\" \/>\n<script type=\"application\/ld+json\" class=\"yoast-schema-graph\">{\"@context\":\"https:\\\/\\\/schema.org\",\"@graph\":[{\"@type\":\"WebPage\",\"@id\":\"https:\\\/\\\/solucionescontract.com\\\/fr\\\/producto\\\/table-basse-a-theme-relevable\\\/\",\"url\":\"https:\\\/\\\/solucionescontract.com\\\/fr\\\/producto\\\/table-basse-a-theme-relevable\\\/\",\"name\":\"TABLE BASSE \u00c9LEVABLE TEMA - Muebles de dise\u00f1o en Soluciones Contract\",\"isPartOf\":{\"@id\":\"https:\\\/\\\/solucionescontract.com\\\/#website\"},\"primaryImageOfPage\":{\"@id\":\"https:\\\/\\\/solucionescontract.com\\\/fr\\\/producto\\\/table-basse-a-theme-relevable\\\/#primaryimage\"},\"image\":{\"@id\":\"https:\\\/\\\/solucionescontract.com\\\/fr\\\/producto\\\/table-basse-a-theme-relevable\\\/#primaryimage\"},\"thumbnailUrl\":\"https:\\\/\\\/solucionescontract.com\\\/wp-content\\\/uploads\\\/2020\\\/11\\\/mesa_auxiliar_tema.jpg\",\"datePublished\":\"2020-11-25T11:42:43+00:00\",\"dateModified\":\"2021-04-16T11:11:37+00:00\",\"description\":\"Achetez TABLE BASSE \u00c9LEVABLE TEMA en ligne dans notre magasin de meubles Contract. Trouvez le meilleur mobilier design.\",\"breadcrumb\":{\"@id\":\"https:\\\/\\\/solucionescontract.com\\\/fr\\\/producto\\\/table-basse-a-theme-relevable\\\/#breadcrumb\"},\"inLanguage\":\"fr-FR\",\"potentialAction\":[{\"@type\":\"ReadAction\",\"target\":[\"https:\\\/\\\/solucionescontract.com\\\/fr\\\/producto\\\/table-basse-a-theme-relevable\\\/\"]}]},{\"@type\":\"ImageObject\",\"inLanguage\":\"fr-FR\",\"@id\":\"https:\\\/\\\/solucionescontract.com\\\/fr\\\/producto\\\/table-basse-a-theme-relevable\\\/#primaryimage\",\"url\":\"https:\\\/\\\/solucionescontract.com\\\/wp-content\\\/uploads\\\/2020\\\/11\\\/mesa_auxiliar_tema.jpg\",\"contentUrl\":\"https:\\\/\\\/solucionescontract.com\\\/wp-content\\\/uploads\\\/2020\\\/11\\\/mesa_auxiliar_tema.jpg\",\"width\":2000,\"height\":2000},{\"@type\":\"BreadcrumbList\",\"@id\":\"https:\\\/\\\/solucionescontract.com\\\/fr\\\/producto\\\/table-basse-a-theme-relevable\\\/#breadcrumb\",\"itemListElement\":[{\"@type\":\"ListItem\",\"position\":1,\"name\":\"Inicio\",\"item\":\"https:\\\/\\\/solucionescontract.com\\\/\"},{\"@type\":\"ListItem\",\"position\":2,\"name\":\"Tienda mobiliario contract\",\"item\":\"https:\\\/\\\/solucionescontract.com\\\/tienda-mobiliario-contract\\\/\"},{\"@type\":\"ListItem\",\"position\":3,\"name\":\"Mesas de dise\u00f1o\",\"item\":\"https:\\\/\\\/solucionescontract.com\\\/categoria-producto\\\/mesas-de-diseno\\\/\"},{\"@type\":\"ListItem\",\"position\":4,\"name\":\"TABLE BASSE \u00c9LEVABLE TEMA\"}]},{\"@type\":\"WebSite\",\"@id\":\"https:\\\/\\\/solucionescontract.com\\\/#website\",\"url\":\"https:\\\/\\\/solucionescontract.com\\\/\",\"name\":\"Soluciones Contract\",\"description\":\"Venta Mobiliario contract de dise\u00f1o\",\"publisher\":{\"@id\":\"https:\\\/\\\/solucionescontract.com\\\/#organization\"},\"potentialAction\":[{\"@type\":\"SearchAction\",\"target\":{\"@type\":\"EntryPoint\",\"urlTemplate\":\"https:\\\/\\\/solucionescontract.com\\\/?s={search_term_string}\"},\"query-input\":{\"@type\":\"PropertyValueSpecification\",\"valueRequired\":true,\"valueName\":\"search_term_string\"}}],\"inLanguage\":\"fr-FR\"},{\"@type\":\"Organization\",\"@id\":\"https:\\\/\\\/solucionescontract.com\\\/#organization\",\"name\":\"Soluciones Contract\",\"url\":\"https:\\\/\\\/solucionescontract.com\\\/\",\"logo\":{\"@type\":\"ImageObject\",\"inLanguage\":\"fr-FR\",\"@id\":\"https:\\\/\\\/solucionescontract.com\\\/#\\\/schema\\\/logo\\\/image\\\/\",\"url\":\"https:\\\/\\\/solucionescontract.com\\\/wp-content\\\/uploads\\\/2020\\\/02\\\/logoSC.jpg\",\"contentUrl\":\"https:\\\/\\\/solucionescontract.com\\\/wp-content\\\/uploads\\\/2020\\\/02\\\/logoSC.jpg\",\"width\":300,\"height\":125,\"caption\":\"Soluciones Contract\"},\"image\":{\"@id\":\"https:\\\/\\\/solucionescontract.com\\\/#\\\/schema\\\/logo\\\/image\\\/\"},\"sameAs\":[\"https:\\\/\\\/www.facebook.com\\\/solucionescontract\\\/\"]}]}<\/script>\n<!-- \/ Yoast SEO plugin. -->","yoast_head_json":{"title":"TABLE BASSE \u00c9LEVABLE TEMA - Muebles de dise\u00f1o en Soluciones Contract","description":"Achetez TABLE BASSE \u00c9LEVABLE TEMA en ligne dans notre magasin de meubles Contract. Trouvez le meilleur mobilier design.","robots":{"index":"index","follow":"follow","max-snippet":"max-snippet:-1","max-image-preview":"max-image-preview:large","max-video-preview":"max-video-preview:-1"},"canonical":"https:\/\/solucionescontract.com\/fr\/producto\/table-basse-a-theme-relevable\/","og_locale":"fr_FR","og_type":"article","og_title":"TABLE BASSE \u00c9LEVABLE TEMA - Muebles de dise\u00f1o en Soluciones Contract","og_description":"Achetez TABLE BASSE \u00c9LEVABLE TEMA en ligne dans notre magasin de meubles Contract. Trouvez le meilleur mobilier design.","og_url":"https:\/\/solucionescontract.com\/fr\/producto\/table-basse-a-theme-relevable\/","og_site_name":"Soluciones Contract","article_publisher":"https:\/\/www.facebook.com\/solucionescontract\/","article_modified_time":"2021-04-16T11:11:37+00:00","og_image":[{"width":2000,"height":2000,"url":"https:\/\/solucionescontract.com\/wp-content\/uploads\/2020\/11\/mesa_auxiliar_tema.jpg","type":"image\/jpeg"}],"twitter_card":"summary_large_image","schema":{"@context":"https:\/\/schema.org","@graph":[{"@type":"WebPage","@id":"https:\/\/solucionescontract.com\/fr\/producto\/table-basse-a-theme-relevable\/","url":"https:\/\/solucionescontract.com\/fr\/producto\/table-basse-a-theme-relevable\/","name":"TABLE BASSE \u00c9LEVABLE TEMA - Muebles de dise\u00f1o en Soluciones Contract","isPartOf":{"@id":"https:\/\/solucionescontract.com\/#website"},"primaryImageOfPage":{"@id":"https:\/\/solucionescontract.com\/fr\/producto\/table-basse-a-theme-relevable\/#primaryimage"},"image":{"@id":"https:\/\/solucionescontract.com\/fr\/producto\/table-basse-a-theme-relevable\/#primaryimage"},"thumbnailUrl":"https:\/\/solucionescontract.com\/wp-content\/uploads\/2020\/11\/mesa_auxiliar_tema.jpg","datePublished":"2020-11-25T11:42:43+00:00","dateModified":"2021-04-16T11:11:37+00:00","description":"Achetez TABLE BASSE \u00c9LEVABLE TEMA en ligne dans notre magasin de meubles Contract. Trouvez le meilleur mobilier design.","breadcrumb":{"@id":"https:\/\/solucionescontract.com\/fr\/producto\/table-basse-a-theme-relevable\/#breadcrumb"},"inLanguage":"fr-FR","potentialAction":[{"@type":"ReadAction","target":["https:\/\/solucionescontract.com\/fr\/producto\/table-basse-a-theme-relevable\/"]}]},{"@type":"ImageObject","inLanguage":"fr-FR","@id":"https:\/\/solucionescontract.com\/fr\/producto\/table-basse-a-theme-relevable\/#primaryimage","url":"https:\/\/solucionescontract.com\/wp-content\/uploads\/2020\/11\/mesa_auxiliar_tema.jpg","contentUrl":"https:\/\/solucionescontract.com\/wp-content\/uploads\/2020\/11\/mesa_auxiliar_tema.jpg","width":2000,"height":2000},{"@type":"BreadcrumbList","@id":"https:\/\/solucionescontract.com\/fr\/producto\/table-basse-a-theme-relevable\/#breadcrumb","itemListElement":[{"@type":"ListItem","position":1,"name":"Inicio","item":"https:\/\/solucionescontract.com\/"},{"@type":"ListItem","position":2,"name":"Tienda mobiliario contract","item":"https:\/\/solucionescontract.com\/tienda-mobiliario-contract\/"},{"@type":"ListItem","position":3,"name":"Mesas de dise\u00f1o","item":"https:\/\/solucionescontract.com\/categoria-producto\/mesas-de-diseno\/"},{"@type":"ListItem","position":4,"name":"TABLE BASSE \u00c9LEVABLE TEMA"}]},{"@type":"WebSite","@id":"https:\/\/solucionescontract.com\/#website","url":"https:\/\/solucionescontract.com\/","name":"Soluciones Contract","description":"Venta Mobiliario contract de dise\u00f1o","publisher":{"@id":"https:\/\/solucionescontract.com\/#organization"},"potentialAction":[{"@type":"SearchAction","target":{"@type":"EntryPoint","urlTemplate":"https:\/\/solucionescontract.com\/?s={search_term_string}"},"query-input":{"@type":"PropertyValueSpecification","valueRequired":true,"valueName":"search_term_string"}}],"inLanguage":"fr-FR"},{"@type":"Organization","@id":"https:\/\/solucionescontract.com\/#organization","name":"Soluciones Contract","url":"https:\/\/solucionescontract.com\/","logo":{"@type":"ImageObject","inLanguage":"fr-FR","@id":"https:\/\/solucionescontract.com\/#\/schema\/logo\/image\/","url":"https:\/\/solucionescontract.com\/wp-content\/uploads\/2020\/02\/logoSC.jpg","contentUrl":"https:\/\/solucionescontract.com\/wp-content\/uploads\/2020\/02\/logoSC.jpg","width":300,"height":125,"caption":"Soluciones Contract"},"image":{"@id":"https:\/\/solucionescontract.com\/#\/schema\/logo\/image\/"},"sameAs":["https:\/\/www.facebook.com\/solucionescontract\/"]}]}},"_links":{"self":[{"href":"https:\/\/solucionescontract.com\/fr\/wp-json\/wp\/v2\/product\/18234","targetHints":{"allow":["GET"]}}],"collection":[{"href":"https:\/\/solucionescontract.com\/fr\/wp-json\/wp\/v2\/product"}],"about":[{"href":"https:\/\/solucionescontract.com\/fr\/wp-json\/wp\/v2\/types\/product"}],"replies":[{"embeddable":true,"href":"https:\/\/solucionescontract.com\/fr\/wp-json\/wp\/v2\/comments?post=18234"}],"wp:featuredmedia":[{"embeddable":true,"href":"https:\/\/solucionescontract.com\/fr\/wp-json\/wp\/v2\/media\/17794"}],"wp:attachment":[{"href":"https:\/\/solucionescontract.com\/fr\/wp-json\/wp\/v2\/media?parent=18234"}],"wp:term":[{"taxonomy":"product_brand","embeddable":true,"href":"https:\/\/solucionescontract.com\/fr\/wp-json\/wp\/v2\/product_brand?post=18234"},{"taxonomy":"product_cat","embeddable":true,"href":"https:\/\/solucionescontract.com\/fr\/wp-json\/wp\/v2\/product_cat?post=18234"},{"taxonomy":"product_tag","embeddable":true,"href":"https:\/\/solucionescontract.com\/fr\/wp-json\/wp\/v2\/product_tag?post=18234"}],"curies":[{"name":"wp","href":"https:\/\/api.w.org\/{rel}","templated":true}]}}

TABLE BASSE ÉLEVABLE TEMA

<p>La table basse relevable Tema est une table d&rsquo;appoint, très fonctionnelle, à la fois pour être utilisée dans tous types de pièces, qu&rsquo;elles soient contractuelles ou à la maison.</p>
<p>C&rsquo;est une table avec un placage de bois avec une finition en chêne noueux ou naturel.</p>
<p>Il existe une grande variété de couleurs et de finitions: Hêtre verni | Noyer verni | Chêne verni | Laqué. Autres finitions<a href="mailto:info@solucionescontract.com"><br />
Consulter.</a></p>
<p>Ses pieds en métal disponibles en finition blanche, oxyde ou noire se démarquent.</p>
<p>Mesures: couvercle relevable 110&#215;60 cm 100x50cm</p>
<p>Option mélamine disponible constar <a href="mailto:info@solucionescontract.com"><br />
ici</a></script></p>

<ul>
<li style="text-align: justify;">C&rsquo;est une table basse avec un mécanisme de levage qui convient à tous les types de pièces de vie, que ce soit pour les appartements touristiques, les résidences et les maisons rurales, ou pour le salon à la maison.</li>
<li style="text-align: justify;">
Avec plateau en placage de chêne naturel ou chêne noueux. Autres finitions<a href="mailto:info@solucionescontract.com"> Consulter.</a></li>
<li>
3 options de finition pour la structure: blanc, oxyde ou noir.</li>
<li>
Fabrication nationale.</li>
<li style="text-align: justify;">
Mesures: 110&#215;60 cm couvercle relevable 100&#215;50 cm.</li>
<li>
Utilisation en intérieur.</li>
</ul>
<p>&nbsp;</p>
<p>&nbsp;</p>

<!-- This site is optimized with the Yoast SEO plugin v27.4 - https://yoast.com/product/yoast-seo-wordpress/ -->
<title>TABLE BASSE ÉLEVABLE TEMA - Muebles de diseño en Soluciones Contract</title>
<meta name="description" content="Achetez TABLE BASSE ÉLEVABLE TEMA en ligne dans notre magasin de meubles Contract. Trouvez le meilleur mobilier design." />
<meta name="robots" content="index, follow, max-snippet:-1, max-image-preview:large, max-video-preview:-1" />
<link rel="canonical" href="https://solucionescontract.com/fr/producto/table-basse-a-theme-relevable/" />
<meta property="og:locale" content="fr_FR" />
<meta property="og:type" content="article" />
<meta property="og:title" content="TABLE BASSE ÉLEVABLE TEMA - Muebles de diseño en Soluciones Contract" />
<meta property="og:description" content="Achetez TABLE BASSE ÉLEVABLE TEMA en ligne dans notre magasin de meubles Contract. Trouvez le meilleur mobilier design." />
<meta property="og:url" content="https://solucionescontract.com/fr/producto/table-basse-a-theme-relevable/" />
<meta property="og:site_name" content="Soluciones Contract" />
<meta property="article:publisher" content="https://www.facebook.com/solucionescontract/" />
<meta property="article:modified_time" content="2021-04-16T11:11:37+00:00" />
<meta property="og:image" content="https://solucionescontract.com/wp-content/uploads/2020/11/mesa_auxiliar_tema.jpg" />
	<meta property="og:image:width" content="2000" />
	<meta property="og:image:height" content="2000" />
	<meta property="og:image:type" content="image/jpeg" />
<meta name="twitter:card" content="summary_large_image" />
<script type="application/ld+json" class="yoast-schema-graph">{"@context":"https:\/\/schema.org","@graph":[{"@type":"WebPage","@id":"https:\/\/solucionescontract.com\/fr\/producto\/table-basse-a-theme-relevable\/","url":"https:\/\/solucionescontract.com\/fr\/producto\/table-basse-a-theme-relevable\/","name":"TABLE BASSE ÉLEVABLE TEMA - Muebles de diseño en Soluciones Contract","isPartOf":{"@id":"https:\/\/solucionescontract.com\/#website"},"primaryImageOfPage":{"@id":"https:\/\/solucionescontract.com\/fr\/producto\/table-basse-a-theme-relevable\/#primaryimage"},"image":{"@id":"https:\/\/solucionescontract.com\/fr\/producto\/table-basse-a-theme-relevable\/#primaryimage"},"thumbnailUrl":"https:\/\/solucionescontract.com\/wp-content\/uploads\/2020\/11\/mesa_auxiliar_tema.jpg","datePublished":"2020-11-25T11:42:43+00:00","dateModified":"2021-04-16T11:11:37+00:00","description":"Achetez TABLE BASSE ÉLEVABLE TEMA en ligne dans notre magasin de meubles Contract. Trouvez le meilleur mobilier design.","breadcrumb":{"@id":"https:\/\/solucionescontract.com\/fr\/producto\/table-basse-a-theme-relevable\/#breadcrumb"},"inLanguage":"fr-FR","potentialAction":[{"@type":"ReadAction","target":["https:\/\/solucionescontract.com\/fr\/producto\/table-basse-a-theme-relevable\/"]}]},{"@type":"ImageObject","inLanguage":"fr-FR","@id":"https:\/\/solucionescontract.com\/fr\/producto\/table-basse-a-theme-relevable\/#primaryimage","url":"https:\/\/solucionescontract.com\/wp-content\/uploads\/2020\/11\/mesa_auxiliar_tema.jpg","contentUrl":"https:\/\/solucionescontract.com\/wp-content\/uploads\/2020\/11\/mesa_auxiliar_tema.jpg","width":2000,"height":2000},{"@type":"BreadcrumbList","@id":"https:\/\/solucionescontract.com\/fr\/producto\/table-basse-a-theme-relevable\/#breadcrumb","itemListElement":[{"@type":"ListItem","position":1,"name":"Inicio","item":"https:\/\/solucionescontract.com\/"},{"@type":"ListItem","position":2,"name":"Tienda mobiliario contract","item":"https:\/\/solucionescontract.com\/tienda-mobiliario-contract\/"},{"@type":"ListItem","position":3,"name":"Mesas de diseño","item":"https:\/\/solucionescontract.com\/categoria-producto\/mesas-de-diseno\/"},{"@type":"ListItem","position":4,"name":"TABLE BASSE ÉLEVABLE TEMA"}]},{"@type":"WebSite","@id":"https:\/\/solucionescontract.com\/#website","url":"https:\/\/solucionescontract.com\/","name":"Soluciones Contract","description":"Venta Mobiliario contract de diseño","publisher":{"@id":"https:\/\/solucionescontract.com\/#organization"},"potentialAction":[{"@type":"SearchAction","target":{"@type":"EntryPoint","urlTemplate":"https:\/\/solucionescontract.com\/?s={search_term_string}"},"query-input":{"@type":"PropertyValueSpecification","valueRequired":true,"valueName":"search_term_string"}}],"inLanguage":"fr-FR"},{"@type":"Organization","@id":"https:\/\/solucionescontract.com\/#organization","name":"Soluciones Contract","url":"https:\/\/solucionescontract.com\/","logo":{"@type":"ImageObject","inLanguage":"fr-FR","@id":"https:\/\/solucionescontract.com\/#\/schema\/logo\/image\/","url":"https:\/\/solucionescontract.com\/wp-content\/uploads\/2020\/02\/logoSC.jpg","contentUrl":"https:\/\/solucionescontract.com\/wp-content\/uploads\/2020\/02\/logoSC.jpg","width":300,"height":125,"caption":"Soluciones Contract"},"image":{"@id":"https:\/\/solucionescontract.com\/#\/schema\/logo\/image\/"},"sameAs":["https:\/\/www.facebook.com\/solucionescontract\/"]}]}</script>
<!-- / Yoast SEO plugin. -->

TABLE BASSE ÉLEVABLE TEMA - Muebles de diseño en Soluciones Contract

Achetez TABLE BASSE ÉLEVABLE TEMA en ligne dans notre magasin de meubles Contract. Trouvez le meilleur mobilier design.

Mesas de diseño

Venta Mobiliario contract de diseño
